 h. What is the remainder when t is divided by 14?
13
Suppose 0 = h + r - 50, -2*h - h + 3*r = -144. Let x = h - 27. What is the remainder when 131 is divided by x?
21
Suppose 31*d - 44 = 29*d. Calculate the remainder when 63 is divided by d.
19
Let f(u) = -u**3 + 15*u**2 - 13*u - 3. What is the remainder when f(5) is divided by 46?
44
Let i(m) = 8*m + 26. Let w(b) = -b. Let q(r) = i(r) + 6*w(r). Calculate the remainder when 101 is divided by q(0).
23
Let x(g) be the second derivative of g**5/20 + 5*g**4/6 - g**3/2 - 5*g**2 + g. Let h = 362 + -372. What is the remainder when 78 is divided by x(h)?
18
Suppose 5*c - 202 = 253. Suppose -11*w = -4*w - c. Calculate the remainder when 38 is divided by w.
12
Let w(y) = -7*y - 1 + y**2 - 8*y + 19*y - y. Calculate the remainder when 51 is divided by w(-7).
24
Let b be (7 + -4)/(6/4). Suppose 3*a = 7*a - 208. Calculate the remainder when a is divided by (3 - b)/(1/27).
25
Let t(h) = -2*h**3 + 41*h**2 + 22*h - 11. Let a(i) = 2*i - 7. What is the remainder when t(21) is divided by a(7)?
3
Suppose -5*k + 144 = 4*m, -3*k = 4*m - 95 + 15. Calculate the remainder when 93 is divided by k.
29
Let a be 1444/12 + (-2)/6. Suppose -n = 3*c - 115, 2*n - a = n - 4*c. Calculate the remainder when n is divided by 17.
15
Let x = -9 + 31. Let b(o) = o**2 + o - 15. Let n be b(-8). Let i = n + -29. Calculate the remainder when x is divided by i.
10
Suppose 0 = -2*k + 5*k - 2*d + 624, -2*k - 416 = d. What is the remainder when k*2*3/(-6) is divided by 53?
49
Suppose 14*g - 403 = -123. What is the remainder when 68 is divided by g?
8
Let s(r) = -4*r - 8. Let z be s(-2). Suppose -f + 14 + 2 = z. Calculate the remainder when f is divided by 4.
0
Suppose 0 = -10*i + 879 + 851. Suppose l - 4*l + 87 = 0. What is the remainder when i is divided by l?
28
Let a(v) = 4 - v**2 - 10 + 3 + 13*v. Let z(x) = 39*x + 2. What is the remainder when z(2) is divided by a(10)?
26
Let n(c) = c**3 - 5*c**2 + 3*c + 9. Suppose -2*u + 5 = -u. What is the remainder when n(u) is divided by 13?
11
Calculate the remainder when ((-5082)/(-385))/((-7)/(-5) + -1) is divided by 18.
15
Suppose 0 = -3*p + 5*j - 102, 136 = -4*p - 0*j + 5*j. Let n be ((-48)/20)/(2/(-15)). Let o = n - p. Calculate the remainder when o is divided by 18.
16
Let m(l) = -4*l - 16. Suppose -5*h - 5*u + 2*u = -220, -2*h - 3*u + 79 = 0. Calculate the remainder when h is divided by m(-7).
11
Let d = 837 - 834. Calculate the remainder when 3 is divided by d.
0
Let u be 6/10 + 104/(-40). Let y be (-2)/((-4)/((-8)/u)). Suppose -y*l = -2*m + 5*m - 37, 5*l - 101 = m. What is the remainder when 79 is divided by l?
19
Suppose -78*s = -32*s - 18308. Calculate the remainder when s is divided by 40.
38
Suppose -25*n - 1500 = -31*n. What is the remainder when n is divided by 43?
35
Let b = 193 - -68. Let g = b + -183. Calculate the remainder when g is divided by 27.
24
Let k be (9/2 - 1)*(-60)/(-105). What is the remainder when 151 is divided by (k + 2)*(-57)/(-6)?
37
Let u(r) = -r**3 + 10*r**2 - 10*r + 9. Let k be u(9). Suppose k = -4*x - 3 + 11. Calculate the remainder when 43 is divided by (x/(-3))/((-4)/132).
21
Suppose -4*j + 5*j = 4. Suppose 2*g + 56 = j*g. Suppose 3*o + o = g. What is the remainder when 54 is divided by o?
5
Let y = 199 - 89. What is the remainder when y is divided by 9?
2
Suppose -6*z + z + 4*l = -140, -5*l = -5*z + 140. What is the remainder when 108 is divided by z?
24
Suppose 5*u - 33*t + 28*t = 5915, 2*t - 5943 = -5*u. Calculate the remainder when u is divided by 11.
10
Let h = -269 - -273. Let q = 12 - 3. Calculate the remainder when q is divided by h.
1
Let u(h) = -2*h**2 + 13*h - 5. What is the remainder when 159 is divided by u(5)?
9
Calculate the remainder when 65 + (2 + 0 - 2) is divided by (2 + (-40)/18)*49572/(-648).
14
Let k be (-6)/(-33) - 6944/(-44). Suppose -a - 4*a = 2*d - 220, -4*a + 2*d + k = 0. Calculate the remainder when a is divided by 22.
20
Let n(y) = -5*y + 4. Let k(o) = -195*o**3 - 2*o**2 - 2*o - 1. Let a be k(-1). Suppose 182 = 4*l - a. Calculate the remainder when l is divided by n(-3).
18
Let v be (3/2)/((-15)/(-20)). What is the remainder when 29 is divided by (-365)/(-20) - v/8?
11
Let z(x) be the second derivative of -3*x**5/10 + x**4/4 - x**2 - 39*x. Calculate the remainder when 76 is divided by z(-1).
6
Suppose 5*l - 4*s = 35, -3*s + s + 43 = 3*l. Let y(r) = r**2 - 15*r - 16. Let h be y(12). Let d = -11 - h. What is the remainder when d is divided by l?
8
Let x(j) = -j**3 - 4*j**2 - 4*j - 6. Suppose 139 = 32*a - 149. What is the remainder when x(-4) is divided by a?
1
Let w be 1/7 - 375/(-21). Suppose 0 = 5*l - w - 12. What is the remainder when l is divided by 5?
1
Let w(x) = -x**2 - 4*x - 3. Let g be w(-4). Suppose 0 = -3*r + 35 + 34. What is the remainder when r is divided by 3*-8*g/9?
7
Let u(d) = -15*d**3 - d - 1. Let o = 11 - -30. Calculate the remainder when u(-2) is divided by o.
39
Let x = -2 + 14. Calculate the remainder when 5*28/(0 + 4) is divided by x.
11
Let r(y) = 5*y + 28 + y**3 - 8*y**2 - 14 - 11. What is the remainder when r(8) is divided by 16?
11
Suppose 0 = -2*v - 132 - 160. Let k = v - -90. What is the remainder when 12 is divided by (3*k/12)/(-2)?
5
Let w be (-140)/(-8)*(-4)/(-10). Let p(k) = k**3 - 8*k**2 + 7*k + 13. What is the remainder when 33 is divided by p(w)?
7
Let n = 506 + -213. What is the remainder when n is divided by 33?
29
Let g be (10 - 9)/(2/74). Let p = g + -30. Suppose -p*f + 194 = -51. What is the remainder when f is divided by 12?
11
Let h = 674 - 658. Calculate the remainder when 119 is divided by h.
7
Let x be ((72/(-14))/(-1))/(8/56). Let m = -12 + x. What is the remainder when m is divided by 9*((-4)/(-2) + -1)?
6
Suppose 5*f - g + 33 = 0, 4*f - g = 2*f - 12. Let y = 27 + f. What is the remainder when 57 is divided by y?
17
Let a = 14 + 55. Calculate the remainder when 217 is divided by a.
10
Let z(y) = 4*y + 255. What is the remainder when z(18) is divided by 104?
15
Let l = -52 - -55. Suppose 0 = -l*m + 45 + 63. What is the remainder when m is divided by 14?
8
Suppose -4*q + 4*n + 0 = -16, 0 = 2*q + 5*n - 1. What is the remainder when -4*q*(-3)/18 is divided by 2?
0
Suppose c + 43 = v - c, 4*c = -2*v + 78. Let a(u) = -7*u - 7 + 6 - 9. Calculate the remainder when v is divided by a(-3).
8
Suppose 0 = -3*v - f + 1262, -v + 394 = 3*f - 8*f. Calculate the remainder when v is divided by 47.
43
Let c(n) = -23*n. Let k(m) = -m + 2. Let h be k(2). Suppose 6*l = -h*l + 144. Calculate the remainder when c(-2) is divided by l.
22
Suppose -4*q + 9*q = -75. Let n = q + 27. Let m(v) = -v**2 + 14*v - 18. What is the remainder when 17 is divided by m(n)?
5
Let k be (36/3 - 4) + -3. Suppose 0 = b - q - 4 - 3, -q - 23 = -k*b. Suppose 0*a + b*a = 60. Calculate the remainder when a is divided by 8.
7
Suppose 0 = -48*k + 2227 + 3821. Suppose 0 = -3*f + 23 + 25. What is the remainder when k is divided by f?
14
Suppose 14*b - 12 = 18*b, -b = 4*u - 241. Calculate the remainder when 240 is divided by u.
57
Let g(q) = 2*q**2 - 31*q - 201. Calculate the remainder when 167 is divided by g(-6).
53
Let s = 34 - 15. Let o = 29 - s. What is the remainder when 16 is divided by o?
6
Suppose 7 + 27 = 2*h + 4*p, -5*p + 15 = 0. Let c(d) = 2*d**2 - 3*d + 49. Calculate the remainder when c(h) is divided by 52.
50
Suppose 335 = 9*n - 259. What is the remainder when 391 is divided by n?
61
Let i(d) = d**3 - 8*d**2 + 2*d + 21. Suppose 5*v + 4*c - 24 = 0, 0*v - 2*c = v. What is the remainder when i(v) is divided by 13?
11
Let x = -78 + 82. Suppose -102 = -5*v + 188. What is the remainder when v is divided by x?
2
Suppose -7*z = -6*z - 334. Calculate the remainder when z is divided by 36.
10
Suppose 2*s - 402 = -2*w - s, -4*w + 764 = -4*s. Calculate the remainder when w is divided by 18.
15
Let q(g) = 4*g - 28. What is the remainder when 108 is divided by q(12)?
8
Let y(c) = c**2 + c + 3. Let l be y(0). Suppose 0 = -2*r + r - l*x + 9, 3*r = -4*x + 27. What is the remainder when 34 is divided by r?
7
Suppose 0 = 4*w - 10*w + 36. Let t be (-9)/w*128/(-6). Calculate the remainder when (16/t)/(2/156) is divided by 7.
4
Let w be ((-38 - -1) + -1)/(10/(-5)). Suppose -2*p + w + 27 = 0. Calculate the remainder when 86 is divided by p.
1